hat is the thousands digit of 111214?
1
What is the units digit of 74227?
7
What is the units digit of 107?
7
What is the units digit of 19549?
9
What is the thousands digit of 2377?
2
What is the tens digit of 14386?
8
What is the thousands digit of 3211?
3
What is the hundreds digit of 1582?
5
What is the units digit of 124?
4
What is the units digit of 55107?
7
What is the thousands digit of 6059?
6
What is the ten thousands digit of 19063?
1
What is the units digit of 1622?
2
What is the tens digit of 16864?
6
What is the ten thousands digit of 66496?
6
What is the thousands digit of 8126?
8
What is the tens digit of 65?
6
What is the units digit of 6096?
6
What is the tens digit of 1495?
9
What is the thousands digit of 1684?
1
What is the tens digit of 3347?
4
What is the tens digit of 1897?
9
What is the thousands digit of 1783?
1
What is the tens digit of 1645?
4
What is the hundreds digit of 3659?
6
What is the hundreds digit of 1347?
3
What is the units digit of 3178?
8
What is the thousands digit of 1153?
1
What is the ten thousands digit of 22154?
2
What is the units digit of 18313?
3
What is the ten thousands digit of 38745?
3
What is the hundreds digit of 19240?
2
What is the hundreds digit of 277?
2
What is the thousands digit of 7131?
7
What is the hundreds digit of 763?
7
What is the thousands digit of 117584?
7
What is the hundreds digit of 39017?
0
What is the thousands digit of 1792?
1
What is the hundreds digit of 644?
6
What is the units digit of 3792?
2
What is the tens digit of 572?
7
What is the hundreds digit of 13971?
9
What is the tens digit of 14925?
2
What is the tens digit of 36?
3
What is the units digit of 77?
7
What is the units digit of 3282?
2
What is the hundreds digit of 9867?
8
What is the hundreds digit of 713?
7
What is the hundreds digit of 646?
6
What is the thousands digit of 81776?
1
What is the tens digit of 29?
2
What is the thousands digit of 6708?
6
What is the hundreds digit of 10619?
6
What is the thousands digit of 63549?
3
What is the ten thousands digit of 14511?
1
What is the hundreds digit of 765?
7
What is the tens digit of 1028?
2
What is the tens digit of 785?
8
What is the hundreds digit of 217?
2
What is the tens digit of 4008?
0
What is the units digit of 21368?
8
What is the units digit of 20937?
7
What is the hundreds digit of 5992?
9
What is the tens digit of 49911?
1
What is the hundreds digit of 61509?
5
What is the units digit of 7040?
0
What is the thousands digit of 9534?
9
What is the ten thousands digit of 45166?
4
What is the units digit of 476?
6
What is the units digit of 299?
9
What is the thousands digit of 1937?
1
What is the units digit of 2781?
1
What is the ten thousands digit of 140282?
4
What is the hundreds digit of 777?
7
What is the hundreds digit of 982?
9
What is the hundreds digit of 504?
5
What is the hundreds digit of 685?
6
What is the units digit of 576?
6
What is the units digit of 28980?
0
What is the units digit of 2853?
3
What is the tens digit of 1317?
1
What is the hundreds digit of 50308?
3
What is the tens digit of 7915?
1
What is the tens digit of 20611?
1
What is the ten thousands digit of 24417?
2
What is the thousands digit of 1017?
1
What is the hundreds digit of 233?
2
What is the tens digit of 30223?
2
What is the hundreds digit of 2392?
3
What is the units digit of 420?
0
What is the ten thousands digit of 10972?
1
What is the hundreds digit of 121592?
5
What is the thousands digit of 11110?
1
What is the tens digit of 4250?
5
What is the ten thousands digit of 17374?
1
What is the units digit of 5706?
6
What is the units digit of 12210?
0
What is the ten thousands digit of 19492?
1
What is the tens digit of 616?
1
What is the tens digit of 1057?
5
What is the hundreds digit of 8919?
9
What is the hundreds digit of 4741?
7
What is the tens digit of 1072?
7
What is the units digit of 6434?
4
What is the units digit of 33874?
4
What is the ten thousands digit of 36622?
3
What is the units digit of 76?
6
What is the thousands digit of 40427?
0
What is the hundreds digit of 90204?
2
What is the hundreds digit of 19987?
9
What is the units digit of 11791?
1
What is the tens digit of 524?
2
What is the thousands digit of 6921?
6
What is the ten thousands digit of 150366?
5
What is the hundreds digit of 37243?
2
What is the tens digit of 5060?
6
What is the thousands digit of 5974?
5
What is the tens digit of 6233?
3
What is the hundreds digit of 11518?
5
What is the tens digit of 78079?
7
What is the thousands digit of 100026?
0
What is the ten thousands digit of 88812?
8
What is the units digit of 25241?
1
What is the units digit of 6086?
6
What is the hundreds digit of 5503?
5
What is the units digit of 37502?
2
What is the units digit of 74525?
5
What is the units digit of 267?
7
What is the thousands digit of 16128?
6
What is the tens digit of 3309?
0
What is the hundreds digit of 1358?
3
What is the hundreds digit of 57874?
8
What is the thousands digit of 2390?
2
What is the hundreds digit of 342?
3
What is the units digit of 6045?
5
What is the hundreds digit of 16936?
9
What is the units digit of 122?
2
What is the thousands digit of 36077?
6
What is the hundred thousands digit of 118324?
1
What is the tens digit of 7428?
2
What is the hundreds digit of 12580?
5
What is the thousands digit of 3189?
3
What is the hundreds digit of 277?
2
What is the hundreds digit of 47611?
6
What is the hundreds digit of 45129?
1
What is the hundreds digit of 8933?
9
What is the thousands digit of 8695?
8
What is the tens digit of 8613?
1
What is the tens digit of 57609?
0
What is the ten thousands digit of 16824?
1
What is the ten thousands digit of 11421?
1
What is the ten thousands digit of 19539?
1
What is the units digit of 2270?
0
What is the hundreds digit of 713?
7
What is the ten thousands digit of 21688?
2
What is the tens digit of 1369?
6
What is the units digit of 1043?
3
What is the thousands digit of 13645?
3
What is the ten thousands digit of 21779?
2
What is the hundreds digit of 641?
6
What is the units digit of 19628?
8
What is the ten thousands digit of 22952?
2
What is the hundreds digit of 6843?
8
What is the units digit of 276?
6
What is the tens digit of 4081?
8
What is the hundreds digit of 4124?
1
What is the tens digit of 224?
2
What is the units digit of 266?
6
What is the ten thousands digit of 12628?
1
What is the thousands digit of 12433?
2
What is the tens digit of 101951?
5
What is the hundreds digit of 6755?
7
What is the thousands digit of 1043?
1
What is the ten thousands digit of 29813?
2
What is the hundreds digit of 22929?
9
What is the tens digit of 729?
2
What is the thousands digit of 2412?
2
What is the units digit of 1113?
3
What is the units digit of 4024?
4
What is the tens digit of 6090?
9
What is the units digit of 1566?
6
What is the hundreds digit of 14194?
1
What is the hundreds digit of 10164?
1
What is the tens digit of 245?
4
What is the thousands digit of 18739?
8
What is the units digit of 2090?
0
What is the hundreds digit of 538?
5
What is the thousands digit of 18740?
8
What is the units digit of 5818?
8
What is the ten thousands digit of 13108?
1
What is the hundreds digit of 112163?
1
What is the tens digit of 4505?
0
What is the tens digit of 63898?
9
What is the units digit of 657?
7
What is the tens digit of 244?
4
What is the hundreds digit of 10787?
7
What is the tens digit of 93747?
4
What is the units digit of 468?
8
What is the thousands digit of 4864?
4
What is the hundreds digit of 892?
8
What is the tens digit of 1861?
6
What is the tens digit of 95896?
9
What is the units digit of 401?
1
What is the units digit of 52546?
6
What is the ten thousands digit of 49137?
4
What is the hundreds digit of 10376?
3
What is the hundreds digit of 13599?
5
What is the units digit of 86?
6
What is the thousands digit of 1260?
1
What is the thousands digit of 3645?
3
What is the thousands digit of 1404?
1
What is the tens digit of 8991?
9
What is the units digit of 4736?
6
What is the ten thousands digit of 21348?
2
What is the ten thousands digit of 25949?
2
What is the tens digit of 4912?
1
What is the tens digit of 39703?
0
What is the hundreds digit of 2116?
1
What is the tens digit of 7